{"id":1134,"date":"2021-11-29T13:01:43","date_gmt":"2021-11-29T13:01:43","guid":{"rendered":"https:\/\/ic-konferencije.eu\/?page_id=1134"},"modified":"2021-12-06T08:45:48","modified_gmt":"2021-12-06T08:45:48","slug":"o-projektu","status":"publish","type":"page","link":"https:\/\/ic-konferencije.eu\/en\/o-projektu\/","title":{"rendered":"About the project"},"content":{"rendered":"<div data-elementor-type=\"wp-post\" data-elementor-id=\"1134\" class=\"elementor elementor-1134\">\n\t\t\t\t\t\t<section class=\"elementor-section elementor-top-section elementor-element elementor-element-77ccb31 elementor-section-height-min-height elementor-section-boxed elementor-section-height-default elementor-section-items-middle\" data-id=\"77ccb31\" data-element_type=\"section\" data-e-type=\"section\" data-settings=\"{&quot;background_background&quot;:&quot;classic&quot;}\">\n\t\t\t\t\t\t\t<div class=\"elementor-background-overlay\"><\/div>\n\t\t\t\t\t\t\t<div class=\"elementor-container elementor-column-gap-default\">\n\t\t\t\t\t<div class=\"elementor-column elementor-col-100 elementor-top-column elementor-element elementor-element-c6408c8 envato-kit-62-home\" data-id=\"c6408c8\" data-element_type=\"column\" data-e-type=\"column\" data-settings=\"{&quot;background_background&quot;:&quot;classic&quot;}\">\n\t\t\t<div class=\"elementor-widget-wrap elementor-element-populated\">\n\t\t\t\t\t\t<div class=\"elementor-element elementor-element-de72c4a elementor-widget elementor-widget-heading\" data-id=\"de72c4a\" data-element_type=\"widget\" data-e-type=\"widget\" data-widget_type=\"heading.default\">\n\t\t\t\t<div class=\"elementor-widget-container\">\n\t\t\t\t\t<h1 class=\"elementor-heading-title elementor-size-default\">ABOUT THE PROJECT<\/h1>\t\t\t\t<\/div>\n\t\t\t\t<\/div>\n\t\t\t\t\t<\/div>\n\t\t<\/div>\n\t\t\t\t\t<\/div>\n\t\t<\/section>\n\t\t\t\t<section class=\"elementor-section elementor-top-section elementor-element elementor-element-7c4dd1b elementor-section-full_width elementor-section-height-default elementor-section-height-default\" data-id=\"7c4dd1b\" data-element_type=\"section\" data-e-type=\"section\">\n\t\t\t\t\t\t<div class=\"elementor-container elementor-column-gap-default\">\n\t\t\t\t\t<div class=\"elementor-column elementor-col-50 elementor-top-column elementor-element elementor-element-884a0bb\" data-id=\"884a0bb\" data-element_type=\"column\" data-e-type=\"column\">\n\t\t\t<div class=\"elementor-widget-wrap elementor-element-populated\">\n\t\t\t\t\t\t<section class=\"elementor-section elementor-inner-section elementor-element elementor-element-2b77506 elementor-section-full_width elementor-section-height-default elementor-section-height-default\" data-id=\"2b77506\" data-element_type=\"section\" data-e-type=\"section\">\n\t\t\t\t\t\t<div class=\"elementor-container elementor-column-gap-default\">\n\t\t\t\t\t<div class=\"elementor-column elementor-col-100 elementor-inner-column elementor-element elementor-element-80d65aa\" data-id=\"80d65aa\" data-element_type=\"column\" data-e-type=\"column\">\n\t\t\t<div class=\"elementor-widget-wrap elementor-element-populated\">\n\t\t\t\t\t\t<div class=\"elementor-element elementor-element-301323c elementor-widget elementor-widget-text-editor\" data-id=\"301323c\" data-element_type=\"widget\" data-e-type=\"widget\" data-widget_type=\"text-editor.default\">\n\t\t\t\t<div class=\"elementor-widget-container\">\n\t\t\t\t\t\t\t\t\t<p><em>Development of Innovative Social Services - Integrative Counseling and Support Center<\/em> is a project launched with an aim of expanding the network of non-institutional social services for children with disabilities and their families.\u00a0<\/p><p>Project is endorsed within the Call for <em>Improvement of Existing and Expansion of Non-Institutional Care Services in Selected Urban Agglomerations\/area of Osijek, Pula, Rijeka, Slavonski Brod, Split, Zadar i Zagreb<\/em> published by the Ministry of Labor, Pensions, Family and Social Policy (UP.02.2.2.15) under Priority Axis 2: Social inclusion, Investment, Priority 9 Improving access to affordable, sustainable and high quality services, including health care and social services of general interest, or Specific Objective 9.iv.2 Improving access to high quality social services, including support for the deinstitutionalization process, of the Operational Program \u201cEffective Human Resources 2014 \u2013 2020\u201d.<\/p><p>Specific objectives:<\/p><ol><li>Providing support to the deinstitutionalisation process and raising public awareness of the Osijek Urban Agglomeration on providing support to children with disabilities and their families<\/li><li>Improving the quality and expansion of non-institutional social services for children with disabilities and members of their families in the area of the Urban Agglomeration of Osijek.<\/li><\/ol><p>Project holder: Children\u2019s Creative Center <i>DOKKICA<\/i><\/p><p>Partners: Ernestinovo Municipality and City of Osijek<\/p><p>Financial resources: 1.999.200,00 HRK<\/p><p>Duration of the project: 24 months<\/p><p>Users: Children with disabilities and their families in the area of Urban agglomeration of Osijek<\/p><p>Our wish is to create services that will provide support to the whole family of a child with disabilities, through the involvement of parents in training and the parallel provision of psychosocial support to all its members. To this end, the project has developed collaborations with Abbot\u2019s Lea School (Liverpool, UK) and the STAR Institute (Denver, Colorado, USA).<\/p>\t\t\t\t\t\t\t\t<\/div>\n\t\t\t\t<\/div>\n\t\t\t\t\t<\/div>\n\t\t<\/div>\n\t\t\t\t\t<\/div>\n\t\t<\/section>\n\t\t\t\t\t<\/div>\n\t\t<\/div>\n\t\t\t\t<div class=\"elementor-column elementor-col-50 elementor-top-column elementor-element elementor-element-eab4322\" data-id=\"eab4322\" data-element_type=\"column\" data-e-type=\"column\">\n\t\t\t<div class=\"elementor-widget-wrap elementor-element-populated\">\n\t\t\t\t\t\t\t<\/div>\n\t\t<\/div>\n\t\t\t\t\t<\/div>\n\t\t<\/section>\n\t\t\t\t<\/div>","protected":false},"excerpt":{"rendered":"<p>O PROJEKTU Razvoj inovativnih socijalnih usluga \u2013 Integrativni centar za savjetovanje i podr\u0161ku projekt je\u00a0 namijenjen \u0161irenju mre\u017ee izvaninstitucijskih socijalnih usluga za djecu s te\u0161ko\u0107ama u razvoju i njihove\u00a0 obitelji.\u00a0 Projekt je odobren u okviru Poziva Unaprje\u0111enje postoje\u0107ih i \u0161irenje usluga izvaninstitucionalne skrbi na podru\u010dju odabranih urbanih aglomeracija\/podru\u010dja Osijek, Pula, Rijeka, Slavonski Brod, Split, Zadar [&hellip;]<\/p>\n","protected":false},"author":1,"featured_media":0,"parent":0,"menu_order":0,"comment_status":"closed","ping_status":"closed","template":"","meta":{"site-sidebar-layout":"no-sidebar","site-content-layout":"page-builder","ast-site-content-layout":"default","site-content-style":"default","site-sidebar-style":"default","ast-global-header-display":"","ast-banner-title-visibility":"","ast-main-header-display":"","ast-hfb-above-header-display":"","ast-hfb-below-header-display":"","ast-hfb-mobile-header-display":"","site-post-title":"disabled","ast-breadcrumbs-content":"","ast-featured-img":"disabled","footer-sml-layout":"","ast-disable-related-posts":"","theme-transparent-header-meta":"default","adv-header-id-meta":"","stick-header-meta":"","header-above-stick-meta":"","header-main-stick-meta":"","header-below-stick-meta":"","astra-migrate-meta-layouts":"default","ast-page-background-enabled":"default","ast-page-background-meta":{"desktop":{"background-color":"","background-image":"","background-repeat":"repeat","background-position":"center center","background-size":"auto","background-attachment":"scroll","background-type":"","background-media":"","overlay-type":"","overlay-color":"","overlay-opacity":"","overlay-gradient":""},"tablet":{"background-color":"","background-image":"","background-repeat":"repeat","background-position":"center center","background-size":"auto","background-attachment":"scroll","background-type":"","background-media":"","overlay-type":"","overlay-color":"","overlay-opacity":"","overlay-gradient":""},"mobile":{"background-color":"","background-image":"","background-repeat":"repeat","background-position":"center center","background-size":"auto","background-attachment":"scroll","background-type":"","background-media":"","overlay-type":"","overlay-color":"","overlay-opacity":"","overlay-gradient":""}},"ast-content-background-meta":{"desktop":{"background-color":"var(--ast-global-color-5)","background-image":"","background-repeat":"repeat","background-position":"center center","background-size":"auto","background-attachment":"scroll","background-type":"","background-media":"","overlay-type":"","overlay-color":"","overlay-opacity":"","overlay-gradient":""},"tablet":{"background-color":"var(--ast-global-color-5)","background-image":"","background-repeat":"repeat","background-position":"center center","background-size":"auto","background-attachment":"scroll","background-type":"","background-media":"","overlay-type":"","overlay-color":"","overlay-opacity":"","overlay-gradient":""},"mobile":{"background-color":"var(--ast-global-color-5)","background-image":"","background-repeat":"repeat","background-position":"center center","background-size":"auto","background-attachment":"scroll","background-type":"","background-media":"","overlay-type":"","overlay-color":"","overlay-opacity":"","overlay-gradient":""}},"footnotes":""},"class_list":["post-1134","page","type-page","status-publish","hentry"],"_links":{"self":[{"href":"https:\/\/ic-konferencije.eu\/en\/wp-json\/wp\/v2\/pages\/1134","targetHints":{"allow":["GET"]}}],"collection":[{"href":"https:\/\/ic-konferencije.eu\/en\/wp-json\/wp\/v2\/pages"}],"about":[{"href":"https:\/\/ic-konferencije.eu\/en\/wp-json\/wp\/v2\/types\/page"}],"author":[{"embeddable":true,"href":"https:\/\/ic-konferencije.eu\/en\/wp-json\/wp\/v2\/users\/1"}],"replies":[{"embeddable":true,"href":"https:\/\/ic-konferencije.eu\/en\/wp-json\/wp\/v2\/comments?post=1134"}],"version-history":[{"count":58,"href":"https:\/\/ic-konferencije.eu\/en\/wp-json\/wp\/v2\/pages\/1134\/revisions"}],"predecessor-version":[{"id":1962,"href":"https:\/\/ic-konferencije.eu\/en\/wp-json\/wp\/v2\/pages\/1134\/revisions\/1962"}],"wp:attachment":[{"href":"https:\/\/ic-konferencije.eu\/en\/wp-json\/wp\/v2\/media?parent=1134"}],"curies":[{"name":"wp","href":"https:\/\/api.w.org\/{rel}","templated":true}]}}

<p>O PROJEKTU Razvoj inovativnih socijalnih usluga – Integrativni centar za savjetovanje i podršku projekt je  namijenjen širenju mreže izvaninstitucijskih socijalnih usluga za djecu s teškoćama u razvoju i njihove  obitelji.  Projekt je odobren u okviru Poziva Unaprjeđenje postojećih i širenje usluga izvaninstitucionalne skrbi na području odabranih urbanih aglomeracija/područja Osijek, Pula, Rijeka, Slavonski Brod, Split, Zadar [&hellip;]</p>
